a factor of 1676122?
False
Does 197 divide 756143?
False
Is 1937839 a multiple of 77?
False
Does 13 divide 226610?
False
Is 1646604 a multiple of 954?
True
Is 211410 a multiple of 161?
False
Is 239341 a multiple of 6?
False
Is 6 a factor of 8554686?
True
Is 3880464 a multiple of 460?
False
Is 2106247 a multiple of 103?
True
Does 150 divide 301986?
False
Does 1431 divide 65088?
False
Is 473569 a multiple of 17?
True
Does 10 divide 53510?
True
Is 38 a factor of 9386190?
True
Is 217485 a multiple of 15?
True
Does 224 divide 6272?
True
Is 30 a factor of 156660?
True
Is 8 a factor of 219437?
False
Is 7494243 a multiple of 20?
False
Is 159991 a multiple of 9?
False
Is 25016 a multiple of 53?
True
Does 23 divide 636916?
True
Is 2230155 even?
False
Is 14570886 a multiple of 1039?
False
Is 148352 a multiple of 38?
True
Does 10 divide 10621680?
True
Is 8 a factor of 77964?
False
Does 79 divide 1405331?
True
Is 679 a factor of 626717?
True
Does 63 divide 85086?
False
Is 68135 a multiple of 149?
False
Does 212 divide 47492?
False
Does 121 divide 9075?
True
Is 511434 a multiple of 189?
True
Does 79 divide 428048?
False
Is 17974 a multiple of 11?
True
Is 273858 a multiple of 26?
True
Is 28 a factor of 312098?
False
Is 172228 a multiple of 205?
False
Is 49 a factor of 56830?
False
Is 51 a factor of 45288?
True
Is 6735 a multiple of 8?
False
Is 160114 a multiple of 102?
False
Does 55 divide 667431?
False
Is 26988 a multiple of 46?
False
Does 141 divide 1168608?
True
Is 244776 a multiple of 42?
True
Is 15 a factor of 8734185?
True
Is 156090 a multiple of 165?
True
Is 108154 a multiple of 75?
False
Is 215992 a multiple of 392?
True
Does 20 divide 59417?
False
Does 377 divide 7360925?
True
Does 189 divide 2548665?
True
Does 9 divide 1739533?
False
Is 11 a factor of 385820?
False
Is 48384 a multiple of 108?
True
Is 23303 a multiple of 7?
True
Does 5 divide 865408?
False
Is 2174250 a multiple of 669?
True
Is 667283 a multiple of 134?
False
Is 4953207 a multiple of 7?
True
Does 9 divide 195579?
True
Is 244 a factor of 6606?
False
Is 1884870 a multiple of 1611?
True
Is 14 a factor of 3496194?
False
Is 255 a factor of 1642433?
False
Is 27880377 a multiple of 217?
True
Is 11 a factor of 12353?
True
Does 31 divide 1627270?
False
Is 880981 a multiple of 14?
False
Is 12380 a multiple of 14?
False
Is 3 a factor of 58533?
True
Is 84 a factor of 662172?
True
Does 20 divide 20222?
False
Is 1837807 a multiple of 388?
False
Is 76 a factor of 20753366?
False
Is 182 a factor of 4973?
False
Does 38 divide 12483684?
True
Is 5385600 a multiple of 25?
True
Is 93860 a multiple of 76?
True
Is 39054 a multiple of 235?
False
Is 136 a factor of 112457?
False
Does 35 divide 1509266?
False
Is 48 a factor of 178234?
False
Is 1896 a multiple of 12?
True
Does 213 divide 14412699?
False
Does 44 divide 484063?
False
Is 973297 a multiple of 115?
False
Is 10 a factor of 43783?
False
Does 35 divide 104089?
False
Does 139 divide 8270500?
True
Does 151 divide 3511367?
False
Is 760 a factor of 1113737?
False
Is 8473 a multiple of 33?
False
Is 162 a factor of 1301184?
True
Is 798850 a multiple of 31?
False
Is 2061004 a multiple of 385?
False
Does 14 divide 5406?
False
Is 3464341 a multiple of 499?
False
Is 438 a factor of 72352?
False
Does 32 divide 225056?
True
Is 7950829 a multiple of 5?
False
Is 203922 a multiple of 9?
True
Is 18111861 a multiple of 66?
False
Does 17 divide 7152708?
False
Is 125 a factor of 209178?
False
Is 7572 a multiple of 3?
True
Is 39 a factor of 58968?
True
Is 14 a factor of 78396?
False
Does 6 divide 329213?
False
Is 1948546 a multiple of 239?
False
Does 25 divide 13692867?
False
Does 284 divide 422876?
True
Is 163174 a multiple of 22?
True
Is 14 a factor of 132098?
False
Is 515536 a multiple of 123?
False
Is 12498960 a multiple of 40?
True
Is 630035 a multiple of 1645?
True
Does 9 divide 9072504?
True
Is 14 a factor of 1973138?
False
Does 429 divide 254826?
True
Is 926987 a multiple of 28?
False
Is 6493201 a multiple of 30?
False
Is 479963 a multiple of 4?
False
Is 102410 a multiple of 8?
False
Does 63 divide 144207?
True
Is 30 a factor of 5711265?
False
Is 234360 a multiple of 28?
True
Is 1745730 a multiple of 21?
True
Is 15052950 a multiple of 30?
True
Does 6 divide 8335684?
False
Does 6 divide 569382?
True
Does 51 divide 556?
False
Is 197524 a multiple of 5?
False
Does 7 divide 216245?
False
Is 2297922 a multiple of 222?
True
Is 209 a factor of 5151055?
False
Does 62 divide 90520?
True
Is 48 a factor of 1393024?
False
Is 186 a factor of 760740?
True
Is 1255643 a multiple of 456?
False
Is 731608 a multiple of 9?
False
Is 1261295 a multiple of 35?
True
Does 450 divide 990000?
True
Is 122 a factor of 37387?
False
Is 82134 a multiple of 78?
True
Is 466 a factor of 1152696?
False
Does 16 divide 705987?
False
Does 640 divide 1179520?
True
Is 418348 a multiple of 8?
False
Is 327096 a multiple of 354?
True
Is 189830 a multiple of 182?
False
Is 11 a factor of 115225?
True
Is 86 a factor of 355438?
True
Is 2519000 a multiple of 17?
False
Is 17978 a multiple of 13?
False
Does 6 divide 88020?
True
Is 170 a factor of 2496902?
False
Is 2 a factor of 335246?
True
Is 754 a factor of 6779620?
False
Is 1956474 a multiple of 78?
True
Is 90221 a multiple of 4?
False
Is 126 a factor of 516852?
True
Is 519600 a multiple of 120?
True
Is 1940336 a multiple of 388?
False
Is 39872 a multiple of 16?
True
Does 753 divide 3235971?
False
Does 1024 divide 3201024?
True
Is 408600 a multiple of 25?
True
Is 112 a factor of 73360?
True
Does 487 divide 86705?
False
Is 86 a factor of 582306?
True
Is 10120050 a multiple of 45?
True
Is 34 a factor of 404296?
False
Does 47 divide 581672?
True
Is 83 a factor of 3417245?
False
Is 16706 a multiple of 6?
False
Is 700 a factor of 1009828?
False
Does 92 divide 134072?
False
Is 435990 a multiple of 6?
True
Does 5 divide 289866?
False
Is 1068120 a multiple of 215?
True
Is 64270 a multiple of 5?
True
Does 73 divide 55699?
True
Does 4 divide 13748?
True
Is 3097134 a multiple of 20?
False
Is 305 a factor of 3665490?
True
Is 22 a factor of 125682?
False
Does 402 divide 4170178?
False
Is 62 a factor of 1818283?
False
Is 452410 a multiple of 25?
False
Is 109190 a multiple of 15?
False
Is 1264460 a multiple of 30?
False
Is 20 a factor of 2001075?
False
Is 1216456 a multiple of 604?
True
Is 1236029 a multiple of 97?
False
Does 33 divide 21549?
True
Is 52 a factor of 111436?
True
Is 8646051 a multiple of 331?
True
Is 15465573 a multiple of 1732?
False
Is 101338 a multiple of 79?
False
Is 497898 a multiple of 199?
True
Is 80 a factor of 6966514?
False
Is 1124 a factor of 6295524?
True
Is 3553768 a multiple of 131?
True
Is 1004 a factor of 5982836?
True
Is 860 a factor of 4525392?
False
Is 7533456 a multiple of 16?
True
Is 539 a factor of 20839357?
True
Is 13 a factor of 790672?
False
Is 307 a factor of 14424913?
False
Does 41 divide 55760?
True
Is 141032 a multiple of 107?
False
Is 2141973 a multiple of 26?
False
Is 564145 a multiple of 191?
False
Does 55 divide 12311194?
False
Is 925944 a multiple of 8?
True
Is 119504 a multiple of 44?
True
Is 139173 a multiple of 13?
False
Is 49 a factor of 26200?
False
Does 74 divide 134377?
False
Does 30 divide 118860?
True
Is 74177 a multiple of 150?
False
Is 6 a factor of 518590?
False
Is 114326 a multiple of 605?
False
Is 1545572 a multiple of 7?
True
Does 119 divide 457079?
True
Is 8887286 a multiple of 37?
False
Is 9 a factor of 15542?
False
Does 16 divide 848051?
False
Is 32 a factor of 3564576?
True
Is 669 a factor of 4577298?
True
Is 15 a factor of 1611862?
False
Does 1991 divide 10821085?
True
Does 57 divide 4560?
True
Does 154 divide 2878568?
True
Is 7115316 a multiple of 1326?
True
Is 22028 a multiple of 31?
False
Is 451414 a multiple of 362?
True
Does 66 divide 7656?
True
Is 149 a factor of 1084616?
False
Does 919 divide 4608785?
True
Does 12 divide 14928?
True
Is 377 a factor of 20458734?
False
Does 15 divide 8309145?
True
Is 8264003 a multiple of 29?
False
Is 49 a factor of 942564?
True
Does 81 divide 1411232?
False
Does 95 divide 112385?
True
Does 330 divide 914212?
False
Does 3 divide 1049?
False
Is 102 a factor of 3715554?
True
Is 35 a factor of 180538?
False
Does 9 divide 1464219?
True
Does 5 divide 13110734?
False
Is